re the prime factors of n?
7
Let w(y) = y**3 + 16*y**2 - 16*y - 8. Let d be w(-17). What are the prime factors of (17/(-17))/(1/d)?
5
Suppose -3*y - 72 = y. Let s = 32 + y. What are the prime factors of s?
2, 7
Let m be 6/(-27) + 79/(-9). Let i = m - -5. What are the prime factors of i/(-10) - (-234)/15?
2
Suppose 124 = 3*d + 13. Suppose -d = 3*u - 109. Suppose -4*v = -v - u. What are the prime factors of v?
2
Suppose j - 270 = -2*z, 2*j - 4 = -0. What are the prime factors of z?
2, 67
Let g = -111 - -219. What are the prime factors of g?
2, 3
Let w = 31 - 18. Let m = w + -7. List the prime factors of m.
2, 3
Let o(q) = 2*q**2 - 2*q + 1. Let c(g) = -g + 2. Let d be c(0). Suppose -i + 5 = d. What are the prime factors of o(i)?
13
Suppose 0 = -0*t - t + 2*h + 12, 4*t + 3*h = 15. Suppose 4*m = 30 + t. What are the prime factors of m?
3
Let c = -10 - -14. Suppose 0 = -2*v - c + 14. Suppose 25 = -5*y, f - v = 3*f + 5*y. List the prime factors of f.
2, 5
Suppose 5*j = x + 22, -x + 4*j - 26 = -3*x. Let q be 5/x*(-3)/(-1). Suppose q = -3*o - 4, -5*w + 3*o = -64. What are the prime factors of w?
11
What are the prime factors of 161/3 + 11/33?
2, 3
Let d(a) be the second derivative of -a - 1/12*a**4 + 0 - 5/3*a**3 - 5*a**2. List the prime factors of d(-7).
11
Suppose 0 = -9*l + 8*l + 7. What are the prime factors of l?
7
Suppose 147 = 3*n + 5*c - 2*c, -5*c = n - 49. List the prime factors of n.
7
Suppose 0 = 9*g - 2264 - 868. What are the prime factors of g?
2, 3, 29
Let z(y) = -5*y - 8. Let p(v) = -v - 7. Let x be p(0). Let n be z(x). What are the prime factors of 6/n + 61/9?
7
Let x(t) = -t**3 - 5*t**2 + 5*t - 6. Let r be x(-6). Suppose -2*d + 4*d = b + 65, -2*d - b + 63 = r. What are the prime factors of d?
2
Let d = -62 - -114. What are the prime factors of d?
2, 13
Let i(p) = p**2 - 2. Let k be i(6). Let v = 1 + -25. Let m = k + v. What are the prime factors of m?
2, 5
Suppose 2*i = i - 39. Let h = i - -61. List the prime factors of h/4 - (-4)/(-8).
5
Suppose -3*f + 52 = -32. List the prime factors of f.
2, 7
Suppose 0*l - 4 = -2*l. Suppose l*s + s - 36 = 0. List the prime factors of s.
2, 3
Suppose 5*j - 42 = s, 2*s + 4*j = j - 19. Let l = 33 + s. List the prime factors of l.
2
Let c be 6/(-1 - (-10)/4). Suppose -c*s + 64 = -0*s. List the prime factors of s.
2
Let l = -17 + 11. Let z = -2 - l. What are the prime factors of z?
2
Let l be (-3)/9 - (-392)/(-21). Let o = 3 - l. What are the prime factors of o?
2, 11
Suppose 12 = -p + 2*a + 43, -60 = -2*p + 2*a. Suppose 3*u + 5*i - 129 = 0, 0*u - 3*i - p = -u. Let q = u + -27. What are the prime factors of q?
11
Suppose p - 2*a = -2, -3*a + 14 = 4*p - 0*p. Let m be 2/(-4)*(0 + p). Let b = 3 + m. What are the prime factors of b?
2
Let j = 7 - 3. What are the prime factors of (2 - 2) + j/1?
2
Let a(l) = 10*l**2 - 2*l + 6. What are the prime factors of a(4)?
2, 79
Let d(u) = 4*u**2 + 0*u**2 - 5*u - 3*u**2. Let g be d(4). Let c(v) = v**3 + 4*v**2 - 2*v - 3. What are the prime factors of c(g)?
5
Let d(y) = y + 1. Let j be d(4). Let m = 8 - j. What are the prime factors of -1*6*(-2)/m?
2
Let t(x) = 2 - 3*x**2 + x**2 + 0*x - 3*x**2 + 4*x + x**3. Let r be t(4). Suppose 0 = -r*h + 5*b + 45, 0*h + b - 5 = -h. List the prime factors of h.
2, 5
Let o = -8 + 12. List the prime factors of o.
2
Let v = -74 - -122. Let l = v + 5. What are the prime factors of l?
53
Suppose 7*s + 4*a - 320 = 3*s, -5*s + 360 = -5*a. What are the prime factors of s?
2, 19
Suppose 0 + 39 = 3*c. Suppose 0*j = j - c. What are the prime factors of j?
13
Suppose -4*y - 3*l = -23, -2*l = 3*y - 26 + 8. Let n = y - -17. Let j = n + -17. What are the prime factors of j?
2
Let m = 11 + -28. Let k = 25 + m. List the prime factors of k.
2
Suppose -5*x + 2*z + 16 = -3*x, x + 4 = -5*z. Let v(k) = -k**2 + 8*k - 6. Let r be v(x). What are the prime factors of ((-9)/6)/(r/(-8))?
2
Suppose -4*u = -2*m - 0*m - 130, 115 = 4*u + m. Suppose 4 = -5*s + 14, -4*c - s + u = 0. What are the prime factors of c?
7
Suppose -3*v = 4*g - 21, 5*g - 3*v + v = 32. Suppose -3*h = -h - g. What are the prime factors of h?
3
Suppose 2*q - 495 = -3*q. Suppose 0 = 3*r + 3*j - q, 0 = j - 4*j - 3. List the prime factors of r.
2, 17
Suppose 2*s = o - 43, -189 = -4*o + 2*s - 41. List the prime factors of o.
5, 7
Let y be (-35 - 1)*3/6. Let h = -32 - y. Let v = -6 - h. List the prime factors of v.
2
Suppose 5*c - t = 105, 5*c - 115 = 4*t - t. Suppose s = 2*s - c. What are the prime factors of s?
2, 5
Suppose -3 - 2 = 5*j. What are the prime factors of j/(((-6)/57)/2)?
19
Let d = 29 - -41. List the prime factors of d.
2, 5, 7
Suppose -3*f - 3*f = -12. Suppose 22 = 4*n - 0*q - f*q, 4*q = -4. What are the prime factors of n?
5
Let a = -12 + 49. List the prime factors of a.
37
Let l(d) be the second derivative of -d**3/2 + 4*d. List the prime factors of l(-9).
3
Let s = 521 - 340. List the prime factors of s.
181
Let a(x) = 2*x**2 + 2*x + 2. Let d be a(-3). Let l = -5 + d. List the prime factors of l.
3
Let c be 1/(-2)*(-4 + -2). Let j = 2 + -4. What are the prime factors of 3 + c + j + 1?
5
Let g be (-3 + 2)*-7*1. Suppose 3*b - 11 = -0*b + 4*f, g = -b + 4*f. What are the prime factors of b?
3
Suppose 0 = -0*h - 5*h + 1395. List the prime factors of h.
3, 31
Suppose 3*y = 7*y - 16. Suppose -x = -y*x - 12. Let b = 3 - x. What are the prime factors of b?
7
Let o(k) = -k**2 - k. Let t = -3 - -4. Let l be o(t). What are the prime factors of l/(-8)*-2*-18?
3
Let x = 15 + -10. Suppose 8 = 5*r + x*u - 117, -5*r + 101 = -u. What are the prime factors of 4/(-14) + 153/r?
7
Let w(z) = -z**3 + 8*z**2 - 10*z + 1. Let p be (-7 + 0)/(-3 - -2). Let g be w(p). What are the prime factors of 84/10 - g/(-50)?
2
Suppose -9*v - 137 = -704. List the prime factors of v.
3, 7
Let a(t) = 19*t**2 + 8*t - 13. What are the prime factors of a(3)?
2, 7, 13
Suppose 0 = 5*j + 132 + 18. Let w = 54 + j. List the prime factors of w.
2, 3
Suppose 0 = -2*l + 8, -4*l + 1188 = 5*o + 322. List the prime factors of o.
2, 5, 17
Let g = 2 + -5. Let q = g + 5. Suppose 5 = q*u - 9. What are the prime factors of u?
7
Let b = -61 + 89. Let o = b + -17. What are the prime factors of o?
11
Suppose 0 = -3*k - 3*t - 9, -4*k + 3*t = 12 - 35. Let c(u) = -3 - u**2 - 1 + 7*u + k*u. What are the prime factors of c(7)?
2, 5
Suppose -2*k = 3*k - 140. Suppose o - k = -o. Suppose 2*s - o = -3*l - 1, -4 = 4*s. What are the prime factors of l?
5
Let a(p) = 3*p**2 + p. Let d be a(1). Suppose 12*n = 10*n. Suppose -2*o - o = z - 18, n = d*z + 2*o - 22. What are the prime factors of z?
3
Let l(q) = -q**2 + 16*q - 8. What are the prime factors of l(12)?
2, 5
Suppose -5*a + 59 = -0*x + 2*x, -5*a - 9 = -2*x. List the prime factors of x + 2/6*6.
19
Let w = -5 - -22. List the prime factors of w.
17
Let t(q) = 5*q**3 + q**2 + q - 1. Let m be ((-1)/3)/(4/(-12)). Let k be t(m). List the prime factors of 2/((k/5)/3).
5
Suppose -21 = -3*r - 9. Suppose -r*x + 0*x = -76. List the prime factors of x.
19
Suppose 2*q + 2 = j, 2*j - q = -6*q - 23. What are the prime factors of -3 - -14*1 - j?
3, 5
Let m(w) = 40*w - 16. List the prime factors of m(3).
2, 13
List the prime factors of (2/2)/(1295/645 + -2).
3, 43
Suppose -3*b - 5 = -4*b. Suppose -3*r - b*t - 225 = -8*r, 4*r + 3*t = 201. Suppose -2*z = -6*z + r. List the prime factors of z.
2, 3
Let c = -8 - -12. Suppose c*m - i = -18 + 103, 0 = 4*i - 12. What are the prime factors of m?
2, 11
List the prime factors of (24/(-6))/4*-263.
263
Suppose -3*u + 1171 = 4*r - 715, -3140 = -5*u - 5*r. What are the prime factors of (-16)/(-72) - u/(-18)?
5, 7
Suppose 105 = 3*n + 4*x, -2*n + 3*n + 5*x - 46 = 0. Let y(w) = -w + 15. Let f be y(10). Suppose -29 = -f*h + n. What are the prime factors of h?
2, 3
Let q be (-12)/16*(-2 + -2). Suppose 0 = -q*t - 0 + 9. Suppose 3*b - 15 = -3, 56 = t*p + 5*b. What are the prime factors of p?
2, 3
Let t(k) = k + 3. Let u be t(7). Suppose -5*j + 3*j = -u. Suppose -f + 3*h + 5 = -9, -4*f - j*h + 5 = 0. List the prime factors of f.
5
Let u(t) = -2*t + 4. Let g be u(-4). Suppose -g*l - 76 = -16*l. List the prime factors of l.
19
Let m be (-2)/7 + 248/(-14). Suppose 2*y + 2*y = 2*p - 70, 5*y = 4*p - 86. List the prime factors of (-166)/y - (-4)/m.
3
Let h(a) = -a**3 + a**2 + 3*a - 3. Let z be